2483827
What are the prime factors of 146338803?
3, 13, 919, 1361
List the prime factors of 3066462741.
3, 23, 43, 61, 16943
What are the prime factors of 8993002?
2, 71, 63331
What are the prime factors of 58971205?
5, 11794241
What are the prime factors of 1046240943?
3, 11, 1873, 16927
List the prime factors of 171254552.
2, 7, 43, 71119
What are the prime factors of 1389711608?
2, 179, 970469
What are the prime factors of 334611408?
2, 3, 17, 410063
What are the prime factors of 20898548?
2, 11, 197, 2411
List the prime factors of 39224075.
5, 11, 19, 7507
What are the prime factors of 50925965?
5, 17, 149, 4021
List the prime factors of 417484507.
11, 233, 162889
What are the prime factors of 79349126?
2, 23, 1724981
List the prime factors of 3460886222.
2, 23, 3271159
What are the prime factors of 20549058?
2, 3, 47, 72869
List the prime factors of 878812632.
2, 3, 83, 49019
List the prime factors of 1760724770.
2, 5, 7, 25153211
List the prime factors of 279153402.
2, 3, 11, 83, 131, 389
List the prime factors of 864049867.
29, 41, 59, 109, 113
List the prime factors of 820177782.
2, 3, 829, 164893
List the prime factors of 56235765.
3, 5, 659, 5689
List the prime factors of 118054945.
5, 23610989
List the prime factors of 45431516.
2, 13, 29, 47, 641
What are the prime factors of 796471311?
3, 311, 853667
List the prime factors of 99383579.
61, 67, 24317
List the prime factors of 519756213.
3, 53, 3268907
List the prime factors of 343586478.
2, 3, 41, 661, 2113
What are the prime factors of 117435814?
2, 179, 223, 1471
What are the prime factors of 820125412?
2, 43, 4768171
What are the prime factors of 218607891?
3, 72869297
List the prime factors of 33919609.
2609, 13001
What are the prime factors of 533762112?
2, 3, 13, 213847
What are the prime factors of 56841917?
11, 53, 97499
List the prime factors of 195390981.
3, 7236703
What are the prime factors of 361962450?
2, 3, 5, 223, 3607
List the prime factors of 177839382.
2, 3, 7, 4234271
What are the prime factors of 162661814?
2, 7, 17, 683453
List the prime factors of 72956105.
5, 19, 79, 9721
List the prime factors of 6513704803.
6513704803
What are the prime factors of 184543315?
5, 11, 43, 78031
List the prime factors of 2626126520.
2, 5, 65653163
List the prime factors of 83737872.
2, 3, 61, 9533
List the prime factors of 44612432.
2, 53, 52609
List the prime factors of 135121591.
11, 31, 71, 5581
List the prime factors of 1275672459.
3, 353, 809, 1489
What are the prime factors of 62049550?
2, 5, 1240991
List the prime factors of 224518019.
11, 23, 887423
List the prime factors of 272766772.
2, 983, 69371
List the prime factors of 925411055.
5, 19, 809, 12041
What are the prime factors of 129772715?
5, 25954543
What are the prime factors of 83636829?
3, 47, 149, 1327
List the prime factors of 268406514.
2, 3, 149, 33359
List the prime factors of 55015378.
2, 11, 29, 53, 1627
What are the prime factors of 239579613?
3, 7, 13, 32503
What are the prime factors of 311877608?
2, 7, 23, 31, 73, 107
List the prime factors of 47770927.
47770927
What are the prime factors of 49549359?
3, 19, 241, 3607
What are the prime factors of 31609672?
2, 3951209
What are the prime factors of 21973003?
13, 1690231
What are the prime factors of 24557543?
24557543
What are the prime factors of 142968082?
2, 673, 106217
List the prime factors of 1908937237.
89, 240997
What are the prime factors of 2547226283?
7, 363889469
What are the prime factors of 147522395?
5, 89, 331511
List the prime factors of 4132342530.
2, 3, 5, 29, 1583273
What are the prime factors of 217820598?
2, 3, 19, 269, 7103
List the prime factors of 2944403815.
5, 61, 131, 73693
List the prime factors of 1079219944.
2, 11, 1979, 6197
What are the prime factors of 109821884?
2, 27455471
What are the prime factors of 763889243?
13, 19, 3092669
What are the prime factors of 14948660?
2, 5, 61, 12253
List the prime factors of 1509253302.
2, 3, 17, 43, 101, 3407
List the prime factors of 39849880.
2, 5, 7, 31, 4591
What are the prime factors of 269553209?
19, 14187011
What are the prime factors of 14782587?
3, 4927529
What are the prime factors of 183637231?
9133, 20107
What are the prime factors of 3406142?
2, 1703071
What are the prime factors of 501839653?
7, 3167, 22637
What are the prime factors of 8997224887?
7, 1285317841
List the prime factors of 91233178.
2, 45616589
List the prime factors of 1417491534.
2, 3, 37, 149, 42853
List the prime factors of 750811726.
2, 7, 863, 62143
List the prime factors of 4191135128.
2, 41, 127, 100613
List the prime factors of 221562850.
2, 5, 4431257
What are the prime factors of 613926998?
2, 306963499
List the prime factors of 55460039.
55460039
What are the prime factors of 99046665?
3, 5, 53, 109, 127
What are the prime factors of 2655444407?
7, 11, 31, 158923
What are the prime factors of 717773340?
2, 3, 5, 457, 26177
What are the prime factors of 31211628?
2, 3, 7, 7583
List the prime factors of 11302379.
11, 1027489
What are the prime factors of 730864440?
2, 3, 5, 89, 22811
List the prime factors of 787650991.
29, 103, 167, 1579
What are the prime factors of 920707479?
3, 1087, 10457
List the prime factors of 649934300.
2, 5, 109, 59627
What are the prime factors of 34409299?
34409299
What are the prime factors of 126792037?
263, 482099
What are the prime factors of 178928302?
2, 7, 137, 13327
What are the prime factors of 123675649?
1601, 77249
What are the prime factors of 30070526?
2, 131, 114773
List the prime factors of 3362730693.
3, 7, 683, 33493
What are the prime factors of 16217488?
2, 7, 19, 7621
List the prime factors of 56059245.
3, 5, 11, 109, 1039
List the prime factors of 25268824.
2, 7, 491, 919
What are the prime factors of 77907485?
5, 29, 89, 6037
What are the prime factors of 346808216?
2, 19, 29, 2713
What are the prime factors of 22362977?
7, 13, 245747
List the prime factors of 7371542688.
2, 3, 23, 109, 281
What are the prime factors of 5217566?
2, 859, 3037
List the prime factors of 135967033.
135967033
What are the prime factors of 1044240155?
5, 7, 29835433
What are the prime factors of 325733043?
3, 557, 194933
What are the prime factors of 8388921?
3, 137, 20411
List the prime factors of 166536975.
3, 5, 11, 337, 599
List the prime factors of 134680019.
23, 103, 139, 409
What are the prime factors of 5486088181?
7, 783726883
What are the prime factors of 81377197?
11, 23, 263, 1223
What are the prime factors of 101318842?
2, 50659421
List the prime factors of 1005481186.
2, 59, 1049, 8123
What are the prime factors of 97506064?
2, 1987, 3067
What are the prime factors of 163379295?
3, 5, 541, 2237
List the prime factors of 37535891.
37535891
What are the prime factors of 6650147207?
11, 604558837
What are the prime factors of 51036236?
2, 1381, 9239
What are the prime factors of 280822431?
3, 163, 574279
List the prime factors of 2674485711.
3, 743, 399953
List the prime factors of 61156007.
11, 149, 37313
List the prime factors of 47271273.
3, 7, 233, 9661
List the prime factors of 2187522587.
479, 4566853
What are the prime factors of 142082609?
7079, 20071
What are the prime factors of 469175427?
3, 7, 29, 256801
List the prime factors of 582710457.
3, 7, 67, 137, 3023
What are the prime factors of 25543391?
19, 1344389
List the prime factors of 2834089062.
2, 3, 7, 373, 180907
What are the prime factors of 1871511900?
2, 3, 5, 6238373
List the prime factors of 154713336.
2, 3, 41, 157229
List the prime factors of 19013761.
13, 61, 23977
List the prime factors of 11116241.
11116241
List the prime factors of 65553657.
3, 13, 23, 107, 683
What are the prime factors of 169720671?
3, 56573557
List the prime factors of 48459882.
2, 3, 31, 43, 73, 83
List the prime factors of 240903295.
5, 48180659
What are the prime factors of 102124697?
102124697
List the prime factors of 157666835.
5, 1459, 21613
What are the prime factors of 1987525764?
2, 3, 7, 2609, 3023
List the prime factors of 995976168.
2, 3, 11, 59, 5813
What are the prime factors of 3460458870?
2, 3, 5, 11, 3495413
List the prime factors of 277187463.
3, 7, 283, 2221
What are the prime factors of 592187623?
1609, 368047
What are the prime factors of 2916484309?
31, 131, 718169
List the pri